usands digit of 6146449?
4
What is the thousands digit of 10533?
0
What is the ten millions digit of 17728526?
1
What is the tens digit of 242535?
3
What is the hundreds digit of 1386069?
0
What is the units digit of 5215281?
1
What is the thousands digit of 4384991?
4
What is the tens digit of 9089677?
7
What is the hundred thousands digit of 7334277?
3
What is the ten thousands digit of 1567660?
6
What is the units digit of 31135794?
4
What is the millions digit of 1524236?
1
What is the thousands digit of 26573448?
3
What is the tens digit of 16125809?
0
What is the hundreds digit of 486359?
3
What is the thousands digit of 72512?
2
What is the ten thousands digit of 1293170?
9
What is the hundreds digit of 5721497?
4
What is the hundred thousands digit of 9746331?
7
What is the ten thousands digit of 318782?
1
What is the ten thousands digit of 387369?
8
What is the tens digit of 100526?
2
What is the hundreds digit of 3458046?
0
What is the hundred thousands digit of 730936?
7
What is the thousands digit of 1141468?
1
What is the tens digit of 147150?
5
What is the tens digit of 733227?
2
What is the hundreds digit of 334987?
9
What is the ten thousands digit of 107217?
0
What is the ten thousands digit of 4792242?
9
What is the hundreds digit of 633200?
2
What is the hundreds digit of 5183045?
0
What is the millions digit of 2414697?
2
What is the units digit of 2132948?
8
What is the units digit of 1692587?
7
What is the tens digit of 593194?
9
What is the tens digit of 3166732?
3
What is the tens digit of 912276?
7
What is the thousands digit of 14160929?
0
What is the hundreds digit of 1428902?
9
What is the ten thousands digit of 1176303?
7
What is the tens digit of 6968569?
6
What is the hundred thousands digit of 27394259?
3
What is the hundred thousands digit of 471989?
4
What is the ten thousands digit of 4657938?
5
What is the hundreds digit of 495540?
5
What is the ten thousands digit of 3513877?
1
What is the thousands digit of 267282?
7
What is the units digit of 11092975?
5
What is the thousands digit of 3032336?
2
What is the thousands digit of 1392930?
2
What is the hundreds digit of 132444?
4
What is the hundred thousands digit of 1909027?
9
What is the tens digit of 6440201?
0
What is the ten thousands digit of 5274847?
7
What is the hundred thousands digit of 110606?
1
What is the ten thousands digit of 380848?
8
What is the ten thousands digit of 33720?
3
What is the tens digit of 1027718?
1
What is the hundreds digit of 1535618?
6
What is the millions digit of 9201796?
9
What is the hundreds digit of 652483?
4
What is the hundreds digit of 303924?
9
What is the hundreds digit of 291783?
7
What is the hundreds digit of 2917625?
6
What is the thousands digit of 289974?
9
What is the ten thousands digit of 232317?
3
What is the hundred thousands digit of 334657?
3
What is the hundreds digit of 4869619?
6
What is the millions digit of 1138109?
1
What is the tens digit of 225646?
4
What is the hundred thousands digit of 248376?
2
What is the tens digit of 1568318?
1
What is the units digit of 1044767?
7
What is the hundreds digit of 10065758?
7
What is the units digit of 319521?
1
What is the ten thousands digit of 753161?
5
What is the hundred thousands digit of 1511075?
5
What is the hundred thousands digit of 6690144?
6
What is the hundreds digit of 12503765?
7
What is the hundreds digit of 153737?
7
What is the hundred thousands digit of 1916305?
9
What is the ten thousands digit of 124653?
2
What is the hundreds digit of 8652786?
7
What is the thousands digit of 17446626?
6
What is the ten thousands digit of 4548577?
4
What is the hundred thousands digit of 294566?
2
What is the tens digit of 9728?
2
What is the hundred thousands digit of 13861364?
8
What is the ten thousands digit of 708359?
0
What is the hundred thousands digit of 11090501?
0
What is the hundred thousands digit of 527353?
5
What is the units digit of 20460382?
2
What is the millions digit of 14325016?
4
What is the thousands digit of 152024?
2
What is the ten thousands digit of 275015?
7
What is the hundreds digit of 195446?
4
What is the tens digit of 31226352?
5
What is the units digit of 2350770?
0
What is the tens digit of 6846820?
2
What is the units digit of 4778373?
3
What is the tens digit of 349163?
6
What is the tens digit of 1199048?
4
What is the millions digit of 13550885?
3
What is the ten thousands digit of 1729624?
2
What is the tens digit of 26831905?
0
What is the hundred thousands digit of 4026268?
0
What is the hundreds digit of 288950?
9
What is the thousands digit of 12062?
2
What is the ten millions digit of 11994803?
1
What is the hundreds digit of 4825205?
2
What is the hundred thousands digit of 1720194?
7
What is the thousands digit of 4498062?
8
What is the ten thousands digit of 2303261?
0
What is the thousands digit of 209980?
9
What is the tens digit of 670533?
3
What is the hundreds digit of 194070?
0
What is the ten thousands digit of 256154?
5
What is the thousands digit of 2365459?
5
What is the tens digit of 837224?
2
What is the thousands digit of 92398?
2
What is the units digit of 530111?
1
What is the hundreds digit of 7402576?
5
What is the thousands digit of 29505?
9
What is the ten thousands digit of 396187?
9
What is the ten millions digit of 20669520?
2
What is the millions digit of 15842073?
5
What is the millions digit of 1057619?
1
What is the millions digit of 1761044?
1
What is the units digit of 325253?
3
What is the units digit of 797708?
8
What is the ten thousands digit of 1014232?
1
What is the ten thousands digit of 25350350?
5
What is the hundreds digit of 3138905?
9
What is the hundreds digit of 8742141?
1
What is the tens digit of 4765159?
5
What is the hundreds digit of 11415588?
5
What is the ten thousands digit of 2134315?
3
What is the hundred thousands digit of 367279?
3
What is the hundred thousands digit of 7583867?
5
What is the ten millions digit of 37297728?
3
What is the hundreds digit of 28321707?
7
What is the thousands digit of 27879114?
9
What is the units digit of 7095164?
4
What is the hundred thousands digit of 9431858?
4
What is the units digit of 7136?
6
What is the ten thousands digit of 3381262?
8
What is the hundreds digit of 80863?
8
What is the hundred thousands digit of 1367648?
3
What is the units digit of 218520?
0
What is the hundred thousands digit of 1364872?
3
What is the tens digit of 120183?
8
What is the thousands digit of 173809?
3
What is the tens digit of 212980?
8
What is the thousands digit of 381882?
1
What is the hundred thousands digit of 306214?
3
What is the tens digit of 331501?
0
What is the thousands digit of 734653?
4
What is the ten thousands digit of 5732644?
3
What is the millions digit of 3275527?
3
What is the hundreds digit of 12305113?
1
What is the hundred thousands digit of 2128941?
1
What is the hundreds digit of 68969?
9
What is the hundred thousands digit of 14578487?
5
What is the hundreds digit of 830580?
5
What is the thousands digit of 971991?
1
What is the units digit of 294715?
5
What is the tens digit of 2802234?
3
What is the millions digit of 28854005?
8
What is the ten thousands digit of 234115?
3
What is the units digit of 51195?
5
What is the ten thousands digit of 570449?
7
What is the ten thousands digit of 18649078?
4
What is the tens digit of 3527335?
3
What is the units digit of 1543639?
9
What is the units digit of 107475?
5
What is the thousands digit of 318771?
8
What is the hundred thousands digit of 2962705?
9
What is the hundreds digit of 190270?
2
What is the hundreds digit of 867850?
8
What is the hundreds digit of 6683462?
4
What is the units digit of 82842?
2
What is the units digit of 1744810?
0
What is the hundreds digit of 133403?
4
What is the millions digit of 12140232?
2
What is the thousands digit of 299276?
9
What is the thousands digit of 1139141?
9
What is the units digit of 9289286?
6
What is the thousands digit of 23412739?
2
What is the millions digit of 2535909?
2
What is the tens digit of 1020974?
7
What is the units digit of 1106424?
4
What is the hundreds digit of 236665?
6
What is the hundreds digit of 24885037?
0
What is the hundreds digit of 151374?
3
What is the tens digit of 181